{"id":6165,"date":"2018-10-17T17:38:52","date_gmt":"2018-10-17T22:38:52","guid":{"rendered":"https:\/\/facartes.uniandes.edu.co\/cic\/?page_id=6165"},"modified":"2023-10-20T08:15:55","modified_gmt":"2023-10-20T13:15:55","slug":"encuentros","status":"publish","type":"page","link":"https:\/\/facartes.uniandes.edu.co\/cic\/eventos-cic\/encuentros\/","title":{"rendered":"Encuentros CIC"},"content":{"rendered":"<div class=\"wpb-content-wrapper\"><p>[vc_row][vc_column][vc_column_text]A finales del 2017, decidimos volver a abrir un espacio de divulgaci\u00f3n de la investigaci\u00f3n y la creaci\u00f3n de nuestros profesores y estudiantes, en el que todos pudieran presentar sus proyectos, responder preguntas y formar sinergias entre los colegas de la Facultad. Por eso, el jueves 9 y el viernes 10 de noviembre de ese a\u00f1o, inauguramos el Congreso CIC. Por segundo a\u00f1o consecutivo, el CIC organiza este espacio de divulgaci\u00f3n, pero este a\u00f1o tomamos la decisi\u00f3n de transformar el \u201ccongreso\u201d, pesado y acartonado que hab\u00edamos inaugurado el a\u00f1o pasado, en dos \u201cencuentros\u201d semestrales que ahora llevan por nombre los Encuentros CIC de artes y humanidades, m\u00e1s peque\u00f1os y de car\u00e1cter m\u00e1s conversacional. El primer encuentro del a\u00f1o tuvo lugar el viernes 4 de mayo, y el segundo, el viernes 26 de octubre.[\/vc_column_text][vc_column_text]<\/p>\n<h2>2023<\/h2>\n<p>[\/vc_column_text][vc_single_image source=\u00bbexternal_link\u00bb external_img_size=\u00bbfull\u00bb custom_src=\u00bbhttps:\/\/facartes.uniandes.edu.co\/cic\/files\/2023\/10\/10-18-Programacion-Ecuentros-CIC-2023-2.jpg\u00bb][vc_single_image source=\u00bbexternal_link\u00bb external_img_size=\u00bbfull\u00bb custom_src=\u00bbhttps:\/\/facartes.uniandes.edu.co\/cic\/files\/2023\/10\/09-22-Ecuentros-CIC-2023-1.png\u00bb][vc_video link=\u00bbhttps:\/\/youtu.be\/okhi8DYgLv8&#8243;][vc_column_text]<\/p>\n<h2>2018<\/h2>\n<p>[\/vc_column_text][vc_single_image image=\u00bb6168&#8243; img_size=\u00bbfull\u00bb][vc_single_image image=\u00bb6631&#8243; img_size=\u00bbfull\u00bb][vc_column_text]<\/p>\n<h2>2017<\/h2>\n<p>[\/vc_column_text][vc_single_image image=\u00bb6166&#8243; img_size=\u00bbfull\u00bb][\/vc_column][\/vc_row][vc_row][vc_column][\/vc_column][\/vc_row]<\/p>\n<\/div>","protected":false},"excerpt":{"rendered":"<p>[vc_row][vc_column][vc_column_text]A finales del 2017, decidimos volver a abrir un espacio de divulgaci\u00f3n de la investigaci\u00f3n y la creaci\u00f3n de nuestros profesores y estudiantes, en el que todos pudieran presentar sus proyectos, responder preguntas y formar sinergias entre los colegas de la Facultad. Por eso, el jueves 9 y el viernes 10 de noviembre de ese [&hellip;]<\/p>\n","protected":false},"author":1,"featured_media":0,"parent":6153,"menu_order":0,"comment_status":"closed","ping_status":"closed","template":"","meta":{"footnotes":""},"class_list":["post-6165","page","type-page","status-publish","hentry"],"yoast_head":"<!-- This site is optimized with the Yoast SEO plugin v27.3 - https:\/\/yoast.com\/product\/yoast-seo-wordpress\/ -->\n<title>Encuentros CIC - Centro de Investigaci\u00f3n y Creaci\u00f3n - Facultad de Artes y Humanidades - Universidad de los Andes<\/title>\n<meta name=\"robots\" content=\"noindex, follow, max-snippet:-1, max-image-preview:large, max-video-preview:-1\" \/>\n<meta property=\"og:locale\" content=\"es_ES\" \/>\n<meta property=\"og:type\" content=\"article\" \/>\n<meta property=\"og:title\" content=\"Encuentros CIC - Centro de Investigaci\u00f3n y Creaci\u00f3n - Facultad de Artes y Humanidades - Universidad de los Andes\" \/>\n<meta property=\"og:description\" content=\"[vc_row][vc_column][vc_column_text]A finales del 2017, decidimos volver a abrir un espacio de divulgaci\u00f3n de la investigaci\u00f3n y la creaci\u00f3n de nuestros profesores y estudiantes, en el que todos pudieran presentar sus proyectos, responder preguntas y formar sinergias entre los colegas de la Facultad. Por eso, el jueves 9 y el viernes 10 de noviembre de ese [&hellip;]\" \/>\n<meta property=\"og:url\" content=\"https:\/\/facartes.uniandes.edu.co\/cic\/eventos-cic\/encuentros\/\" \/>\n<meta property=\"og:site_name\" content=\"Centro de Investigaci\u00f3n y Creaci\u00f3n - Facultad de Artes y Humanidades - Universidad de los Andes\" \/>\n<meta property=\"article:modified_time\" content=\"2023-10-20T13:15:55+00:00\" \/>\n<meta name=\"twitter:card\" content=\"summary_large_image\" \/>\n<meta name=\"twitter:label1\" content=\"Tiempo de lectura\" \/>\n\t<meta name=\"twitter:data1\" content=\"1 minuto\" \/>\n<script type=\"application\/ld+json\" class=\"yoast-schema-graph\">{\"@context\":\"https:\\\/\\\/schema.org\",\"@graph\":[{\"@type\":\"WebPage\",\"@id\":\"https:\\\/\\\/facartes.uniandes.edu.co\\\/cic\\\/eventos-cic\\\/encuentros\\\/\",\"url\":\"https:\\\/\\\/facartes.uniandes.edu.co\\\/cic\\\/eventos-cic\\\/encuentros\\\/\",\"name\":\"Encuentros CIC - Centro de Investigaci\u00f3n y Creaci\u00f3n - Facultad de Artes y Humanidades - Universidad de los Andes\",\"isPartOf\":{\"@id\":\"https:\\\/\\\/facartes.uniandes.edu.co\\\/cic\\\/#website\"},\"datePublished\":\"2018-10-17T22:38:52+00:00\",\"dateModified\":\"2023-10-20T13:15:55+00:00\",\"breadcrumb\":{\"@id\":\"https:\\\/\\\/facartes.uniandes.edu.co\\\/cic\\\/eventos-cic\\\/encuentros\\\/#breadcrumb\"},\"inLanguage\":\"es\",\"potentialAction\":[{\"@type\":\"ReadAction\",\"target\":[\"https:\\\/\\\/facartes.uniandes.edu.co\\\/cic\\\/eventos-cic\\\/encuentros\\\/\"]}]},{\"@type\":\"BreadcrumbList\",\"@id\":\"https:\\\/\\\/facartes.uniandes.edu.co\\\/cic\\\/eventos-cic\\\/encuentros\\\/#breadcrumb\",\"itemListElement\":[{\"@type\":\"ListItem\",\"position\":1,\"name\":\"Portada\",\"item\":\"https:\\\/\\\/facartes.uniandes.edu.co\\\/cic\\\/\"},{\"@type\":\"ListItem\",\"position\":2,\"name\":\"Eventos CIC\",\"item\":\"https:\\\/\\\/facartes.uniandes.edu.co\\\/cic\\\/eventos-cic\\\/\"},{\"@type\":\"ListItem\",\"position\":3,\"name\":\"Encuentros CIC\"}]},{\"@type\":\"WebSite\",\"@id\":\"https:\\\/\\\/facartes.uniandes.edu.co\\\/cic\\\/#website\",\"url\":\"https:\\\/\\\/facartes.uniandes.edu.co\\\/cic\\\/\",\"name\":\"Centro de Investigaci\u00f3n y Creaci\u00f3n - Facultad de Artes y Humanidades - Universidad de los Andes\",\"description\":\"\",\"potentialAction\":[{\"@type\":\"SearchAction\",\"target\":{\"@type\":\"EntryPoint\",\"urlTemplate\":\"https:\\\/\\\/facartes.uniandes.edu.co\\\/cic\\\/?s={search_term_string}\"},\"query-input\":{\"@type\":\"PropertyValueSpecification\",\"valueRequired\":true,\"valueName\":\"search_term_string\"}}],\"inLanguage\":\"es\"}]}<\/script>\n<!-- \/ Yoast SEO plugin. -->","yoast_head_json":{"title":"Encuentros CIC - Centro de Investigaci\u00f3n y Creaci\u00f3n - Facultad de Artes y Humanidades - Universidad de los Andes","robots":{"index":"noindex","follow":"follow","max-snippet":"max-snippet:-1","max-image-preview":"max-image-preview:large","max-video-preview":"max-video-preview:-1"},"og_locale":"es_ES","og_type":"article","og_title":"Encuentros CIC - Centro de Investigaci\u00f3n y Creaci\u00f3n - Facultad de Artes y Humanidades - Universidad de los Andes","og_description":"[vc_row][vc_column][vc_column_text]A finales del 2017, decidimos volver a abrir un espacio de divulgaci\u00f3n de la investigaci\u00f3n y la creaci\u00f3n de nuestros profesores y estudiantes, en el que todos pudieran presentar sus proyectos, responder preguntas y formar sinergias entre los colegas de la Facultad. Por eso, el jueves 9 y el viernes 10 de noviembre de ese [&hellip;]","og_url":"https:\/\/facartes.uniandes.edu.co\/cic\/eventos-cic\/encuentros\/","og_site_name":"Centro de Investigaci\u00f3n y Creaci\u00f3n - Facultad de Artes y Humanidades - Universidad de los Andes","article_modified_time":"2023-10-20T13:15:55+00:00","twitter_card":"summary_large_image","twitter_misc":{"Tiempo de lectura":"1 minuto"},"schema":{"@context":"https:\/\/schema.org","@graph":[{"@type":"WebPage","@id":"https:\/\/facartes.uniandes.edu.co\/cic\/eventos-cic\/encuentros\/","url":"https:\/\/facartes.uniandes.edu.co\/cic\/eventos-cic\/encuentros\/","name":"Encuentros CIC - Centro de Investigaci\u00f3n y Creaci\u00f3n - Facultad de Artes y Humanidades - Universidad de los Andes","isPartOf":{"@id":"https:\/\/facartes.uniandes.edu.co\/cic\/#website"},"datePublished":"2018-10-17T22:38:52+00:00","dateModified":"2023-10-20T13:15:55+00:00","breadcrumb":{"@id":"https:\/\/facartes.uniandes.edu.co\/cic\/eventos-cic\/encuentros\/#breadcrumb"},"inLanguage":"es","potentialAction":[{"@type":"ReadAction","target":["https:\/\/facartes.uniandes.edu.co\/cic\/eventos-cic\/encuentros\/"]}]},{"@type":"BreadcrumbList","@id":"https:\/\/facartes.uniandes.edu.co\/cic\/eventos-cic\/encuentros\/#breadcrumb","itemListElement":[{"@type":"ListItem","position":1,"name":"Portada","item":"https:\/\/facartes.uniandes.edu.co\/cic\/"},{"@type":"ListItem","position":2,"name":"Eventos CIC","item":"https:\/\/facartes.uniandes.edu.co\/cic\/eventos-cic\/"},{"@type":"ListItem","position":3,"name":"Encuentros CIC"}]},{"@type":"WebSite","@id":"https:\/\/facartes.uniandes.edu.co\/cic\/#website","url":"https:\/\/facartes.uniandes.edu.co\/cic\/","name":"Centro de Investigaci\u00f3n y Creaci\u00f3n - Facultad de Artes y Humanidades - Universidad de los Andes","description":"","potentialAction":[{"@type":"SearchAction","target":{"@type":"EntryPoint","urlTemplate":"https:\/\/facartes.uniandes.edu.co\/cic\/?s={search_term_string}"},"query-input":{"@type":"PropertyValueSpecification","valueRequired":true,"valueName":"search_term_string"}}],"inLanguage":"es"}]}},"_links":{"self":[{"href":"https:\/\/facartes.uniandes.edu.co\/cic\/wp-json\/wp\/v2\/pages\/6165","targetHints":{"allow":["GET"]}}],"collection":[{"href":"https:\/\/facartes.uniandes.edu.co\/cic\/wp-json\/wp\/v2\/pages"}],"about":[{"href":"https:\/\/facartes.uniandes.edu.co\/cic\/wp-json\/wp\/v2\/types\/page"}],"author":[{"embeddable":true,"href":"https:\/\/facartes.uniandes.edu.co\/cic\/wp-json\/wp\/v2\/users\/1"}],"replies":[{"embeddable":true,"href":"https:\/\/facartes.uniandes.edu.co\/cic\/wp-json\/wp\/v2\/comments?post=6165"}],"version-history":[{"count":6,"href":"https:\/\/facartes.uniandes.edu.co\/cic\/wp-json\/wp\/v2\/pages\/6165\/revisions"}],"predecessor-version":[{"id":12146,"href":"https:\/\/facartes.uniandes.edu.co\/cic\/wp-json\/wp\/v2\/pages\/6165\/revisions\/12146"}],"up":[{"embeddable":true,"href":"https:\/\/facartes.uniandes.edu.co\/cic\/wp-json\/wp\/v2\/pages\/6153"}],"wp:attachment":[{"href":"https:\/\/facartes.uniandes.edu.co\/cic\/wp-json\/wp\/v2\/media?parent=6165"}],"curies":[{"name":"wp","href":"https:\/\/api.w.org\/{rel}","templated":true}]}}