{"id":6147,"date":"2018-10-17T17:06:16","date_gmt":"2018-10-17T22:06:16","guid":{"rendered":"https:\/\/facartes.uniandes.edu.co\/cic\/?page_id=6147"},"modified":"2020-11-25T08:35:56","modified_gmt":"2020-11-25T13:35:56","slug":"semana","status":"publish","type":"page","link":"https:\/\/facartes.uniandes.edu.co\/cic\/eventos-cic\/semana\/","title":{"rendered":"Semana de las Artes y las Humanidades"},"content":{"rendered":"<div class=\"wpb-content-wrapper\"><p>[vc_row][vc_column][vc_single_image image=\u00bb8103&#8243; img_size=\u00bbfull\u00bb onclick=\u00bbcustom_link\u00bb link=\u00bbhttps:\/\/facartes.uniandes.edu.co\/agenda\/eventos-periodicos\/semana\/5-2019\/\u00bb][vc_column_text]La Semana de las Artes y las Humanidades es una iniciativa del Centro de Investigaci\u00f3n y Creaci\u00f3n para promover y fomentar la creaci\u00f3n art\u00edstica de los miembros de la Facultad de Artes y Humanidades, en sus disciplinas: arte, literatura, m\u00fasica, periodismo, historia del arte, patrimonio cultural, humanidades digitales, artes esc\u00e9nicas y estudios de cine y medios asi\u00e1ticos. Para el CIC y la Facultad, la labor de sus miembros va m\u00e1s all\u00e1 de lo puramente acad\u00e9mico: la creaci\u00f3n art\u00edstica es una parte fundamental de la producci\u00f3n de conocimiento de la Facultad. Por esto nace la Semana de las Artes y las Humanidades: en su concepci\u00f3n, la Semana es una invasi\u00f3n al campus. Es un momento en que la Facultad y sus miembros se toman la universidad con comparsas, teatro, conciertos, cr\u00f3nicas, lecturas, charlas, cineforos, exposiciones y un sinf\u00edn m\u00e1s de sucesos que nos sacan a nosotros de los talleres, las bibliotecas y los estudios y nos hace apoderarnos de la academia, conquistarla mediante nuestros lenguajes y conocimientos particulares.[\/vc_column_text][vc_column_text]<\/p>\n<h1>Versiones<\/h1>\n<hr \/>\n<h1><\/h1>\n<p>[\/vc_column_text][vc_basic_grid post_type=\u00bbids\u00bb element_width=\u00bb6&#8243; item=\u00bb3677&#8243; grid_id=\u00bbvc_gid:1581536374563-36b93d09-fd9b-7&#8243; el_id=\u00bb7048&#8243; include=\u00bb8097, 7048&#8243;][vc_column_text]<\/p>\n<h1>2018 &#8211; Patrimonio cultural colombiano<\/h1>\n<p>[\/vc_column_text][vc_raw_html]JTNDZGl2JTIwZGF0YS1jb25maWdpZCUzRCUyMjE5NzM1MDQ0JTJGNjUyMjg0NjclMjIlMjBzdHlsZSUzRCUyMndpZHRoJTNBMTAwJTI1JTNCJTIwaGVpZ2h0JTNBNjUwcHglM0IlMjIlMjBjbGFzcyUzRCUyMmlzc3V1ZW1iZWQlMjIlM0UlM0MlMkZkaXYlM0UlMEElM0NzY3JpcHQlMjB0eXBlJTNEJTIydGV4dCUyRmphdmFzY3JpcHQlMjIlMjBzcmMlM0QlMjIlMkYlMkZlLmlzc3V1LmNvbSUyRmVtYmVkLmpzJTIyJTIwYXN5bmMlM0QlMjJ0cnVlJTIyJTNFJTNDJTJGc2NyaXB0JTNF[\/vc_raw_html][vc_column_text]<\/p>\n<h1>2017 &#8211; Por la paz<\/h1>\n<p>En su tercera versi\u00f3n y debido a los acontecimientos relacionados con la firma del Acuerdo de Paz de La Habana, el desarme de las FARC y los intentos de iniciar una negociaci\u00f3n con el ELN, decidimos propiciar, desde cada una de nuestras disciplinas, una reflexi\u00f3n sobre el papel que juegan el arte, la literatura, el periodismo, la m\u00fasica y la historia del arte en la construcci\u00f3n social de la paz. Por esto en lugar de \u201clas Artes y las Humanidades\u201d, renombramos por esta ocasi\u00f3n la Semana de las Artes por la Paz La Semana tuvo lugar del 27 al 31 de marzo, y cont\u00f3 con un total de 30 eventos, entre los que hubo varias charlas y conferencias con distintos actores del conflicto (entre excombatientes, v\u00edctimas, y representantes de las instituciones gubernamentales), exposiciones de fotograf\u00eda, los Tejidos de Mampuj\u00e1n, cineforos, conciertos de m\u00fasica fusi\u00f3n pacifico-caribe y una visita guiada a la obra de Beatriz Gonz\u00e1lez, <em>Auras an\u00f3nimas<\/em>. Para esta edici\u00f3n contamos con la colaboraci\u00f3n especial del Museo del Centro Nacional de Memoria Hist\u00f3rica, el Centro de memoria, paz y reconciliaci\u00f3n, la Fundaci\u00f3n Friedrich Ebert \u2013 Colombia, la asociaci\u00f3n Ambulante Presenta \u2013 Colombia, la Red Nacional de Mujeres Excombatienes de la Insurgencia, la Uni\u00f3n de Costureros, el colectivo Asvidas (Tejedoras de Mampuj\u00e1n) y el colectivo Costurero de la Memoria[\/vc_column_text][vc_raw_html]JTNDZGl2JTIwZGF0YS1jb25maWdpZCUzRCUyMjE5NzM1MDQ0JTJGNjUyMjg1MDElMjIlMjBzdHlsZSUzRCUyMndpZHRoJTNBMTAwJTI1JTNCJTIwaGVpZ2h0JTNBNjUwcHglM0IlMjIlMjBjbGFzcyUzRCUyMmlzc3V1ZW1iZWQlMjIlM0UlM0MlMkZkaXYlM0UlMEElM0NzY3JpcHQlMjB0eXBlJTNEJTIydGV4dCUyRmphdmFzY3JpcHQlMjIlMjBzcmMlM0QlMjIlMkYlMkZlLmlzc3V1LmNvbSUyRmVtYmVkLmpzJTIyJTIwYXN5bmMlM0QlMjJ0cnVlJTIyJTNFJTNDJTJGc2NyaXB0JTNF[\/vc_raw_html][vc_column_text]<\/p>\n<h1>2016<\/h1>\n<p>La segunda versi\u00f3n de la Semana tuvo lugar del 10 al 14 de octubre del 2016. Cont\u00f3 con 43 eventos durante la semana, con obras de teatro, exposiciones de fotograf\u00eda, dos flashmobs del coro, talleres de pintura y dibujo, etc. Adem\u00e1s, fue el marco para el <em>4to encuentro de cultura, investigaci\u00f3n y creaci\u00f3n<\/em>, que reuni\u00f3 a varios directores de investigaci\u00f3n, investigadores y creadores de las distintas \u00e1reas de las artes, las humanidades y las ciencias sociales de universidades de Colombia. Contamos con la colaboraci\u00f3n del Museo del Centro Nacional de Memoria Hist\u00f3rica, y la Oficina de Arte y Cultura de la Universidad Jorge Tadeo Lozano de Bogot\u00e1.[\/vc_column_text][vc_raw_html]JTNDZGl2JTIwZGF0YS1jb25maWdpZCUzRCUyMjE5NzM1MDQ0JTJGNjUyMjg1MjMlMjIlMjBzdHlsZSUzRCUyMndpZHRoJTNBMTAwJTI1JTNCJTIwaGVpZ2h0JTNBNjUwcHglM0IlMjIlMjBjbGFzcyUzRCUyMmlzc3V1ZW1iZWQlMjIlM0UlM0MlMkZkaXYlM0UlMEElM0NzY3JpcHQlMjB0eXBlJTNEJTIydGV4dCUyRmphdmFzY3JpcHQlMjIlMjBzcmMlM0QlMjIlMkYlMkZlLmlzc3V1LmNvbSUyRmVtYmVkLmpzJTIyJTIwYXN5bmMlM0QlMjJ0cnVlJTIyJTNFJTNDJTJGc2NyaXB0JTNF[\/vc_raw_html][vc_column_text]<\/p>\n<h1>2015<\/h1>\n<p>La primera Semana de las Artes y las Humanidades tuvo lugar la semana del 26 al 30 de octubre del 2015. Tuvo un total de 49 eventos durante toda la semana, entre los que hubo propuestas de video-mapping sobre edificios, intervenciones al espacio del campus con grafiteros profesionales, flashmobs del Coro Uniandes y un concierto de la orquesta, talleres de pintura, dibujo y fotograf\u00eda, presentaciones de teatro alrededor del campus y otras actividades.[\/vc_column_text][vc_raw_html]JTNDZGl2JTIwZGF0YS1jb25maWdpZCUzRCUyMjE5NzM1MDQ0JTJGNjUyMjg1MzElMjIlMjBzdHlsZSUzRCUyMndpZHRoJTNBMTAwJTI1JTNCJTIwaGVpZ2h0JTNBNjUwcHglM0IlMjIlMjBjbGFzcyUzRCUyMmlzc3V1ZW1iZWQlMjIlM0UlM0MlMkZkaXYlM0UlMEElM0NzY3JpcHQlMjB0eXBlJTNEJTIydGV4dCUyRmphdmFzY3JpcHQlMjIlMjBzcmMlM0QlMjIlMkYlMkZlLmlzc3V1LmNvbSUyRmVtYmVkLmpzJTIyJTIwYXN5bmMlM0QlMjJ0cnVlJTIyJTNFJTNDJTJGc2NyaXB0JTNF[\/vc_raw_html][\/vc_column][\/vc_row]<\/p>\n<\/div>","protected":false},"excerpt":{"rendered":"<p>[vc_row][vc_column][vc_single_image image=\u00bb8103&#8243; img_size=\u00bbfull\u00bb onclick=\u00bbcustom_link\u00bb link=\u00bbhttps:\/\/facartes.uniandes.edu.co\/agenda\/eventos-periodicos\/semana\/5-2019\/\u00bb][vc_column_text]La Semana de las Artes y las Humanidades es una iniciativa del Centro de Investigaci\u00f3n y Creaci\u00f3n para promover y fomentar la creaci\u00f3n art\u00edstica de los miembros de la Facultad de Artes y Humanidades, en sus disciplinas: arte, literatura, m\u00fasica, periodismo, historia del arte, patrimonio cultural, humanidades digitales, artes esc\u00e9nicas y [&hellip;]<\/p>\n","protected":false},"author":1,"featured_media":0,"parent":6153,"menu_order":0,"comment_status":"closed","ping_status":"closed","template":"","meta":{"footnotes":""},"class_list":["post-6147","page","type-page","status-publish","hentry"],"yoast_head":"<!-- This site is optimized with the Yoast SEO plugin v27.3 - https:\/\/yoast.com\/product\/yoast-seo-wordpress\/ -->\n<title>Semana de las Artes y las Humanidades - Centro de Investigaci\u00f3n y Creaci\u00f3n - Facultad de Artes y Humanidades - Universidad de los Andes<\/title>\n<meta name=\"robots\" content=\"noindex, follow, max-snippet:-1, max-image-preview:large, max-video-preview:-1\" \/>\n<meta property=\"og:locale\" content=\"es_ES\" \/>\n<meta property=\"og:type\" content=\"article\" \/>\n<meta property=\"og:title\" content=\"Semana de las Artes y las Humanidades - Centro de Investigaci\u00f3n y Creaci\u00f3n - Facultad de Artes y Humanidades - Universidad de los Andes\" \/>\n<meta property=\"og:description\" content=\"[vc_row][vc_column][vc_single_image image=\u00bb8103&#8243; img_size=\u00bbfull\u00bb onclick=\u00bbcustom_link\u00bb link=\u00bbhttps:\/\/facartes.uniandes.edu.co\/agenda\/eventos-periodicos\/semana\/5-2019\/\u00bb][vc_column_text]La Semana de las Artes y las Humanidades es una iniciativa del Centro de Investigaci\u00f3n y Creaci\u00f3n para promover y fomentar la creaci\u00f3n art\u00edstica de los miembros de la Facultad de Artes y Humanidades, en sus disciplinas: arte, literatura, m\u00fasica, periodismo, historia del arte, patrimonio cultural, humanidades digitales, artes esc\u00e9nicas y [&hellip;]\" \/>\n<meta property=\"og:url\" content=\"https:\/\/facartes.uniandes.edu.co\/cic\/eventos-cic\/semana\/\" \/>\n<meta property=\"og:site_name\" content=\"Centro de Investigaci\u00f3n y Creaci\u00f3n - Facultad de Artes y Humanidades - Universidad de los Andes\" \/>\n<meta property=\"article:modified_time\" content=\"2020-11-25T13:35:56+00:00\" \/>\n<meta name=\"twitter:card\" content=\"summary_large_image\" \/>\n<meta name=\"twitter:label1\" content=\"Tiempo de lectura\" \/>\n\t<meta name=\"twitter:data1\" content=\"4 minutos\" \/>\n<script type=\"application\/ld+json\" class=\"yoast-schema-graph\">{\"@context\":\"https:\\\/\\\/schema.org\",\"@graph\":[{\"@type\":\"WebPage\",\"@id\":\"https:\\\/\\\/facartes.uniandes.edu.co\\\/cic\\\/eventos-cic\\\/semana\\\/\",\"url\":\"https:\\\/\\\/facartes.uniandes.edu.co\\\/cic\\\/eventos-cic\\\/semana\\\/\",\"name\":\"Semana de las Artes y las Humanidades - Centro de Investigaci\u00f3n y Creaci\u00f3n - Facultad de Artes y Humanidades - Universidad de los Andes\",\"isPartOf\":{\"@id\":\"https:\\\/\\\/facartes.uniandes.edu.co\\\/cic\\\/#website\"},\"datePublished\":\"2018-10-17T22:06:16+00:00\",\"dateModified\":\"2020-11-25T13:35:56+00:00\",\"breadcrumb\":{\"@id\":\"https:\\\/\\\/facartes.uniandes.edu.co\\\/cic\\\/eventos-cic\\\/semana\\\/#breadcrumb\"},\"inLanguage\":\"es\",\"potentialAction\":[{\"@type\":\"ReadAction\",\"target\":[\"https:\\\/\\\/facartes.uniandes.edu.co\\\/cic\\\/eventos-cic\\\/semana\\\/\"]}]},{\"@type\":\"BreadcrumbList\",\"@id\":\"https:\\\/\\\/facartes.uniandes.edu.co\\\/cic\\\/eventos-cic\\\/semana\\\/#breadcrumb\",\"itemListElement\":[{\"@type\":\"ListItem\",\"position\":1,\"name\":\"Portada\",\"item\":\"https:\\\/\\\/facartes.uniandes.edu.co\\\/cic\\\/\"},{\"@type\":\"ListItem\",\"position\":2,\"name\":\"Eventos CIC\",\"item\":\"https:\\\/\\\/facartes.uniandes.edu.co\\\/cic\\\/eventos-cic\\\/\"},{\"@type\":\"ListItem\",\"position\":3,\"name\":\"Semana de las Artes y las Humanidades\"}]},{\"@type\":\"WebSite\",\"@id\":\"https:\\\/\\\/facartes.uniandes.edu.co\\\/cic\\\/#website\",\"url\":\"https:\\\/\\\/facartes.uniandes.edu.co\\\/cic\\\/\",\"name\":\"Centro de Investigaci\u00f3n y Creaci\u00f3n - Facultad de Artes y Humanidades - Universidad de los Andes\",\"description\":\"\",\"potentialAction\":[{\"@type\":\"SearchAction\",\"target\":{\"@type\":\"EntryPoint\",\"urlTemplate\":\"https:\\\/\\\/facartes.uniandes.edu.co\\\/cic\\\/?s={search_term_string}\"},\"query-input\":{\"@type\":\"PropertyValueSpecification\",\"valueRequired\":true,\"valueName\":\"search_term_string\"}}],\"inLanguage\":\"es\"}]}<\/script>\n<!-- \/ Yoast SEO plugin. -->","yoast_head_json":{"title":"Semana de las Artes y las Humanidades - Centro de Investigaci\u00f3n y Creaci\u00f3n - Facultad de Artes y Humanidades - Universidad de los Andes","robots":{"index":"noindex","follow":"follow","max-snippet":"max-snippet:-1","max-image-preview":"max-image-preview:large","max-video-preview":"max-video-preview:-1"},"og_locale":"es_ES","og_type":"article","og_title":"Semana de las Artes y las Humanidades - Centro de Investigaci\u00f3n y Creaci\u00f3n - Facultad de Artes y Humanidades - Universidad de los Andes","og_description":"[vc_row][vc_column][vc_single_image image=\u00bb8103&#8243; img_size=\u00bbfull\u00bb onclick=\u00bbcustom_link\u00bb link=\u00bbhttps:\/\/facartes.uniandes.edu.co\/agenda\/eventos-periodicos\/semana\/5-2019\/\u00bb][vc_column_text]La Semana de las Artes y las Humanidades es una iniciativa del Centro de Investigaci\u00f3n y Creaci\u00f3n para promover y fomentar la creaci\u00f3n art\u00edstica de los miembros de la Facultad de Artes y Humanidades, en sus disciplinas: arte, literatura, m\u00fasica, periodismo, historia del arte, patrimonio cultural, humanidades digitales, artes esc\u00e9nicas y [&hellip;]","og_url":"https:\/\/facartes.uniandes.edu.co\/cic\/eventos-cic\/semana\/","og_site_name":"Centro de Investigaci\u00f3n y Creaci\u00f3n - Facultad de Artes y Humanidades - Universidad de los Andes","article_modified_time":"2020-11-25T13:35:56+00:00","twitter_card":"summary_large_image","twitter_misc":{"Tiempo de lectura":"4 minutos"},"schema":{"@context":"https:\/\/schema.org","@graph":[{"@type":"WebPage","@id":"https:\/\/facartes.uniandes.edu.co\/cic\/eventos-cic\/semana\/","url":"https:\/\/facartes.uniandes.edu.co\/cic\/eventos-cic\/semana\/","name":"Semana de las Artes y las Humanidades - Centro de Investigaci\u00f3n y Creaci\u00f3n - Facultad de Artes y Humanidades - Universidad de los Andes","isPartOf":{"@id":"https:\/\/facartes.uniandes.edu.co\/cic\/#website"},"datePublished":"2018-10-17T22:06:16+00:00","dateModified":"2020-11-25T13:35:56+00:00","breadcrumb":{"@id":"https:\/\/facartes.uniandes.edu.co\/cic\/eventos-cic\/semana\/#breadcrumb"},"inLanguage":"es","potentialAction":[{"@type":"ReadAction","target":["https:\/\/facartes.uniandes.edu.co\/cic\/eventos-cic\/semana\/"]}]},{"@type":"BreadcrumbList","@id":"https:\/\/facartes.uniandes.edu.co\/cic\/eventos-cic\/semana\/#breadcrumb","itemListElement":[{"@type":"ListItem","position":1,"name":"Portada","item":"https:\/\/facartes.uniandes.edu.co\/cic\/"},{"@type":"ListItem","position":2,"name":"Eventos CIC","item":"https:\/\/facartes.uniandes.edu.co\/cic\/eventos-cic\/"},{"@type":"ListItem","position":3,"name":"Semana de las Artes y las Humanidades"}]},{"@type":"WebSite","@id":"https:\/\/facartes.uniandes.edu.co\/cic\/#website","url":"https:\/\/facartes.uniandes.edu.co\/cic\/","name":"Centro de Investigaci\u00f3n y Creaci\u00f3n - Facultad de Artes y Humanidades - Universidad de los Andes","description":"","potentialAction":[{"@type":"SearchAction","target":{"@type":"EntryPoint","urlTemplate":"https:\/\/facartes.uniandes.edu.co\/cic\/?s={search_term_string}"},"query-input":{"@type":"PropertyValueSpecification","valueRequired":true,"valueName":"search_term_string"}}],"inLanguage":"es"}]}},"_links":{"self":[{"href":"https:\/\/facartes.uniandes.edu.co\/cic\/wp-json\/wp\/v2\/pages\/6147","targetHints":{"allow":["GET"]}}],"collection":[{"href":"https:\/\/facartes.uniandes.edu.co\/cic\/wp-json\/wp\/v2\/pages"}],"about":[{"href":"https:\/\/facartes.uniandes.edu.co\/cic\/wp-json\/wp\/v2\/types\/page"}],"author":[{"embeddable":true,"href":"https:\/\/facartes.uniandes.edu.co\/cic\/wp-json\/wp\/v2\/users\/1"}],"replies":[{"embeddable":true,"href":"https:\/\/facartes.uniandes.edu.co\/cic\/wp-json\/wp\/v2\/comments?post=6147"}],"version-history":[{"count":14,"href":"https:\/\/facartes.uniandes.edu.co\/cic\/wp-json\/wp\/v2\/pages\/6147\/revisions"}],"predecessor-version":[{"id":9337,"href":"https:\/\/facartes.uniandes.edu.co\/cic\/wp-json\/wp\/v2\/pages\/6147\/revisions\/9337"}],"up":[{"embeddable":true,"href":"https:\/\/facartes.uniandes.edu.co\/cic\/wp-json\/wp\/v2\/pages\/6153"}],"wp:attachment":[{"href":"https:\/\/facartes.uniandes.edu.co\/cic\/wp-json\/wp\/v2\/media?parent=6147"}],"curies":[{"name":"wp","href":"https:\/\/api.w.org\/{rel}","templated":true}]}}