{"id":5975,"date":"2018-10-16T20:32:06","date_gmt":"2018-10-17T01:32:06","guid":{"rendered":"https:\/\/facartes.uniandes.edu.co\/cic\/?page_id=5975"},"modified":"2018-10-23T17:53:25","modified_gmt":"2018-10-23T22:53:25","slug":"funciones-equipo","status":"publish","type":"page","link":"https:\/\/facartes.uniandes.edu.co\/cic\/acerca\/funciones-equipo\/","title":{"rendered":"Funciones del equipo de trabajo"},"content":{"rendered":"<h1>Funciones del Director del CIC<\/h1>\n<ol>\n<li>\n<h2>Dise\u00f1ar y ejecutar las estrategias para el desarrollo de la investigaci\u00f3n\/creaci\u00f3n de la Facultad de Artes y Humanidades.<\/h2>\n<ul>\n<li>Liderar el dise\u00f1o de las estrategias para el desarrollo de la investigaci\u00f3n\/creaci\u00f3n de la Facultad de Artes y Humanidades con el apoyo del Comit\u00e9 CIC y el aval del Consejo de Faultad.<\/li>\n<li>Hacer de puente entre la Facultad y la Vicerrector\u00eda de Investigaciones para el desarrollo de la investigaci\u00f3n\/creaci\u00f3n en la Facultad<\/li>\n<li>Ejecutar las estrategias enfocadas al cumplimiento de la misi\u00f3n y la visi\u00f3n de la investigaci\u00f3n y creaci\u00f3n en la Facultad y las pol\u00edticas espec\u00edficas para su fomento, de acuerdo con el PDI de la Universidad y el PDF de la Facultad.<\/li>\n<li>Dise\u00f1ar, junto con el Comit\u00e9 CIC y\/o un comit\u00e9 ad hoc, el Plan Quinquenal de la investigaci\u00f3n\/creaci\u00f3n de la Facultad, y presentarlo a la Vicerrector\u00eda de Investigaciones<\/li>\n<li>Ejecutar las acciones concretas de las estrategias para el fomento de la investigaci\u00f3n y la creaci\u00f3n seg\u00fan la agenda de la Facultad con el apoyo de los directores de departamento y del Comit\u00e9 CIC.<\/li>\n<li>Liderar la gesti\u00f3n de las oportunidades de investigaci\u00f3n\/creaci\u00f3n para los miembros de la Facultad, tanto a nivel interno de la Universidad, a nivel nacional y p\u00fablico y en el nivel internacional (becas, convenios, etc.)<\/li>\n<li>Liderar la puesta en marcha de las diferentes estrategias para el incentivo y la promoci\u00f3n de la investigaci\u00f3n y la creaci\u00f3n en el Facultad, en el caso de los profesores, mediante convocatorias y diversos est\u00edmulos para la investigaci\u00f3n\/creaci\u00f3n; en el caso de los estudiantes, a trav\u00e9s del apoyo financiero para la finalizaci\u00f3n de tesis (pregrado) y de los incentivos para las publicaciones y conferencias (posgrado).<\/li>\n<li>Trabajar de manera transversal con la Escuela de Posgrados con el objetivo de incentivar la investigaci\u00f3n en las diversas carreras de posgrado que ofrece la Facultad.<\/li>\n<\/ul>\n<\/li>\n<li>\n<h2>Dise\u00f1ar y desarrollar actividades que visibilicen la investigaci\u00f3n\/creaci\u00f3n de la Facultad.<\/h2>\n<ul>\n<li>Organizar y coordinar el encuentro anual de investigaci\u00f3n y creaci\u00f3n, titulado la \u201cSemana de las Artes y las Humanidades\u201d.<\/li>\n<li>Edici\u00f3n y producci\u00f3n de la Gaceta CIC, una publicaci\u00f3n anual que recoge las experiencias y visiones sobre la investigaci\u00f3n\/creaci\u00f3n de la Facultad.<\/li>\n<li>Establecer las pautas y estrategias de comunicaci\u00f3n para visibilizar la producci\u00f3n de la Facultad de Artes y Humanidades (p\u00e1gina web, medios digitales, uso de redes, etc).<\/li>\n<\/ul>\n<\/li>\n<li>\n<h2>Propiciar espacios para la discusi\u00f3n sobre la investigaci\u00f3n\/creaci\u00f3n.<\/h2>\n<ul>\n<li>Propiciar espacios de discusi\u00f3n sobre la investigaci\u00f3n\/creaci\u00f3n a nivel interno de la Facultad y de la Universidad, as\u00ed como a nivel nacional, regional e internacional.<\/li>\n<li>Proponer encuentros semestrales con profesores de la Facultad sobre diversos temas relacionados con su investigaci\u00f3n.<\/li>\n<li>Propiciar encuentros entre investigadores y\/o creadores a nivel nacional e internacional, as\u00ed como entre profesores y\/o estudiantes de la Facultad y de la Universidad en torno a temas relacionados con la investigaci\u00f3n\/creaci\u00f3n.<\/li>\n<li>Organizar seminarios sobre temas relacionados con las l\u00edneas espec\u00edficas de investigaci\u00f3n\/creaci\u00f3n de la Facultad (ejemplos 2016\/2017: humanidades digitales, patrimonio, construcci\u00f3n social de la paz desde las artes y las humanidades).<\/li>\n<li>Propiciar el desarrollo de redes de investigadores\/creadores sobre temas espec\u00edficos.<\/li>\n<\/ul>\n<\/li>\n<li>\n<h2>Formular los sistemas de medici\u00f3n de la investigaci\u00f3n\/creaci\u00f3n de la Facultad<\/h2>\n<ul>\n<li>Coordinar las discusiones sobre este tema a nivel interno en la Facultad.<\/li>\n<li>Coordinar la producci\u00f3n del documento de medici\u00f3n de la producci\u00f3n de la Facultad (junto con el Comit\u00e9 CIC y\/o un comit\u00e9 ad hoc) para entregar a la Vicerrector\u00eda de Investigaciones.<\/li>\n<li>Revisar el documento de forma anual.<\/li>\n<li>Debatir, a nivel nacional, los sistemas de medici\u00f3n de la investigaci\u00f3n\/creaci\u00f3n.<\/li>\n<li>Servir de puente entre la Facultad y Colciencias para discutir este tema<\/li>\n<li>Impulsar, de forma particular, el reconocimiento de la creaci\u00f3n como una actividad acad\u00e9mica a nivel interno de la Universidad, pero sobre todo a nivel nacional e internacional.<\/li>\n<li>Representar a la Facultad, en estos temas, en AcoFartes y en la Asociaci\u00f3n de Facultades de Humanidades y Ciencias Sociales.<\/li>\n<\/ul>\n<\/li>\n<li>\n<h2>Dise\u00f1ar estrategias para incidir en las pol\u00edticas p\u00fablicas culturales.<\/h2>\n<ul>\n<li>Representar a la Facultad en las discusiones a nivel local, regional y nacional sobre el lugar de las artes y las humanidades en las pol\u00edticas culturales<\/li>\n<li>Representar a la Facultad en los encuentros de facultades a nivel nacional sobre estos temas.<\/li>\n<li>Asistir a encuentros internacionales sobre estos temas.<\/li>\n<\/ul>\n<\/li>\n<li>\n<h2>Operaci\u00f3n del Centro de Investigaci\u00f3n y Creaci\u00f3n<\/h2>\n<ul>\n<li>Dirigir el Centro de Investigaci\u00f3n y Creaci\u00f3n \u2013 CIC<\/li>\n<li>Supervisar y evaluar al gestor de proyectos y a la asistente financiera en su trabajo en el CIC<\/li>\n<li>Asignar las funciones del Comit\u00e9 CIC (integrado por un profesor representante de cada departamento, el director del CIC, la Decana y los gestores de investigaci\u00f3n y financiero del CIC) y determinar los calendarios para las reuniones.<\/li>\n<li>Distribuir, con el Comit\u00e9 CIC, los fondos de las diferentes convocatorias: cerrada, espec\u00edfica, conjunta y la de est\u00edmulo a estudiantes.<\/li>\n<li>Aprobar las actas del Comit\u00e9 en cada reuni\u00f3n para la asignaci\u00f3n de recuros.<\/li>\n<li>Verificar que los proyectos de las diferentes convocatorias (cerrada, espec\u00edfica y conjunta) cumplan con los reglamentos y las pol\u00edticas del CIC en sus diferentes etapas.<\/li>\n<li>Coordinar las reuniones semestrales para profesores sobre herramientas para la inserci\u00f3n de la informaci\u00f3n relacionada con su producci\u00f3n, en Colciencias y\/o Academia Uniandes, etc.<\/li>\n<\/ul>\n<\/li>\n<li>\n<h2>Consecuci\u00f3n y ejecuci\u00f3n de recursos para la investigaci\u00f3n\/creaci\u00f3n<\/h2>\n<ul>\n<li>Monitorear el presupuesto general del CIC asignado por la Vicerrector\u00eda de Investigaciones y por la Decanatura de Facartes.<\/li>\n<li>Buscar fondos externos para el desarrollo del CIC a trav\u00e9s de est\u00edmulos y proyectos de consultor\u00eda, entre otros.<\/li>\n<\/ul>\n<\/li>\n<li>\n<h2>Funciones dentro de la Decanatura<\/h2>\n<ul>\n<li>Mantener al decano y al Consejo de Facultad informados del desarrollo de los nuevos proyectos, convenios, asociaciones con otros centros, b\u00fasqueda de recursos externos, entre otros.<\/li>\n<li>Asistir a las reuniones de los \u201cacuerdos\u201d con la Decana<\/li>\n<li>Asistir al Consejo de Facultad<\/li>\n<li>Organizar las comunicaciones oficiales del CIC con la Decanatura, la Vicerrector\u00eda de Investigaciones, con los profesores y con el sector externo (otras universidades, otras instituciones p\u00fablicas o privadas)<\/li>\n<\/ul>\n<\/li>\n<\/ol>\n<hr \/>\n<h1>Funciones del gestor financiero-administrativo<\/h1>\n<ul>\n<li><strong>\u00a0<\/strong>Recibir solicitudes de gasto.<\/li>\n<li>Cotizar solicitudes.<\/li>\n<li>Tramitar las solicitudes de gastos y enviarlas a la decanatura para su aprobaci\u00f3n por la Decana y\/o Secretario.<\/li>\n<li>Proyecci\u00f3n, elaboraci\u00f3n y ejecuci\u00f3n de los presupuestos.<\/li>\n<li>Realizar estad\u00edsticas del CIC (Fapas, productos, participaci\u00f3n en las convocatorias por departamento y profesores).<\/li>\n<li>Archivar f\u00edsica y\/o digitalmente soportes de proyectos.<\/li>\n<li>Apoyar log\u00edsticamente los eventos de los profesores para Fapas\u2014CIC o en los encuentros de investigaci\u00f3n y creaci\u00f3n.<\/li>\n<li>Elaborar presupuestos.<\/li>\n<li>Revisar ejecuciones de gastos de los proyectos en SAP.<\/li>\n<li>Solicitar la correcci\u00f3n de ejecuciones presupuestales.<\/li>\n<li>Elaborar el presupuesto anual del comit\u00e9 SAP en la oficina de presupuesto.<\/li>\n<li>Elaborar en el m\u00f3dulo SAP los elementos para proyectos.<\/li>\n<li>Tramitar las radicaciones en Vicerrector\u00eda de los formatos de las convocatorias.<\/li>\n<li>Lograr la aprobaci\u00f3n de cuadros de ejecuci\u00f3n de egresos FAPA en la Vicerrector\u00eda de Investigaci\u00f3n.<\/li>\n<li>Apoyar el tr\u00e1mite de convocatorias externas.<\/li>\n<li>Realizar las solicitudes de contrataci\u00f3n (temporales, monitores, contrataci\u00f3n civil).<\/li>\n<\/ul>\n<hr \/>\n<h1>Funciones del gestor de investigaci\u00f3n<strong>\u00a0<\/strong><\/h1>\n<ul>\n<li>Apoyar y ofrecer asesor\u00eda a los profesores en las diferentes fases de los proyectos internos y los proyectos FAPA de la Facultad.<\/li>\n<li>Hacer seguimiento de la correcta ejecuci\u00f3n de los proyectos y proponer mejoras o soluciones en el momento oportuno.<\/li>\n<li>Apoyar a los profesores en el registro de la informaci\u00f3n de sus proyectos y de sus perfiles personales en Academia.<\/li>\n<li>Llevar a cabo las actividades administrativas relacionadas con la comunicaci\u00f3n de las decisiones del CIC a los profesores y viceversa.<\/li>\n<li>Apoyar al gestor financiero en la revisi\u00f3n del presupuesto de los proyectos para garantizar su correspondencia y coherencia con el plan de trabajo y las actividades propuestas.<\/li>\n<li>Llevar a cabo las actividades administrativas y acad\u00e9micas relacionadas con las convocatorias internas, convocatoria cerrada, convocatoria conjunta y apoyo a estudiantes de pregrado (redacci\u00f3n de la convocatoria, apoyo en el dise\u00f1o de las propuestas, recepci\u00f3n de los proyectos, contacto de los pares evaluadores y comunicaci\u00f3n del veredicto).<\/li>\n<li>Fomentar y apoyar la participaci\u00f3n de profesores en convocatorias externas.<\/li>\n<li>Apoyar a los l\u00edderes de los grupos de investigaci\u00f3n de la Facultad en la preparaci\u00f3n de los aplicativos CvLac, GrupLac y Academia para la convocatoria de medici\u00f3n de grupos que anualmente realiza Colciencias.<\/li>\n<li>Fortalecer los aspectos d\u00e9biles de los grupos de investigaci\u00f3n para buscar un mejor resultado en la medici\u00f3n.<\/li>\n<li>Asistir a las reuniones del Comit\u00e9 CIC y dar apoyo administrativo y acad\u00e9mico, cuando \u00e9ste lo requiera, para la toma de decisiones del Comit\u00e9 y la ejecuci\u00f3n de dichas decisiones en los marcos requeridos. Asimismo, comunicar las decisiones y discusiones del Comit\u00e9 mediante actas p\u00fablicas.<\/li>\n<li>Asistir al director del CIC en las diferentes actividades que adelanta el Centro en pro de los procesos de investigaci\u00f3n y creaci\u00f3n de la facultad, tales como talleres, conversatorios, simposios y similares.<\/li>\n<li>Coordinar la Semana de las Artes y las Humanidades: realizar la convocatoria y dar a conocer los ganadores. Asistir al gestor financiero con la revisi\u00f3n de presupuestos para la Semana. Asistir a la Oficina de Comunicaciones con la publicidad y la p\u00e1gina web de la Gestionar los espacios en el campus para la Semana y los permisos de ingreso requeridos. Garantizar la ejecuci\u00f3n fluida de todos los eventos como conciertos, performances, happenings, obras de teatro, talleres, conversatorios y dem\u00e1s actividades que tienen lugar durante la semana.<\/li>\n<\/ul>\n","protected":false},"excerpt":{"rendered":"<p>Funciones del Director del CIC Dise\u00f1ar y ejecutar las estrategias para el desarrollo de la investigaci\u00f3n\/creaci\u00f3n de la Facultad de Artes y Humanidades. Liderar el dise\u00f1o de las estrategias para el desarrollo de la investigaci\u00f3n\/creaci\u00f3n de la Facultad de Artes y Humanidades con el apoyo del Comit\u00e9 CIC y el aval del Consejo de Faultad. [&hellip;]<\/p>\n","protected":false},"author":1,"featured_media":0,"parent":5917,"menu_order":0,"comment_status":"closed","ping_status":"closed","template":"","meta":{"footnotes":""},"class_list":["post-5975","page","type-page","status-publish","hentry"],"yoast_head":"<!-- This site is optimized with the Yoast SEO plugin v27.3 - https:\/\/yoast.com\/product\/yoast-seo-wordpress\/ -->\n<title>Funciones del equipo de trabajo - Centro de Investigaci\u00f3n y Creaci\u00f3n - Facultad de Artes y Humanidades - Universidad de los Andes<\/title>\n<meta name=\"robots\" content=\"noindex, follow, max-snippet:-1, max-image-preview:large, max-video-preview:-1\" \/>\n<meta property=\"og:locale\" content=\"es_ES\" \/>\n<meta property=\"og:type\" content=\"article\" \/>\n<meta property=\"og:title\" content=\"Funciones del equipo de trabajo - Centro de Investigaci\u00f3n y Creaci\u00f3n - Facultad de Artes y Humanidades - Universidad de los Andes\" \/>\n<meta property=\"og:description\" content=\"Funciones del Director del CIC Dise\u00f1ar y ejecutar las estrategias para el desarrollo de la investigaci\u00f3n\/creaci\u00f3n de la Facultad de Artes y Humanidades. Liderar el dise\u00f1o de las estrategias para el desarrollo de la investigaci\u00f3n\/creaci\u00f3n de la Facultad de Artes y Humanidades con el apoyo del Comit\u00e9 CIC y el aval del Consejo de Faultad. [&hellip;]\" \/>\n<meta property=\"og:url\" content=\"https:\/\/facartes.uniandes.edu.co\/cic\/acerca\/funciones-equipo\/\" \/>\n<meta property=\"og:site_name\" content=\"Centro de Investigaci\u00f3n y Creaci\u00f3n - Facultad de Artes y Humanidades - Universidad de los Andes\" \/>\n<meta property=\"article:modified_time\" content=\"2018-10-23T22:53:25+00:00\" \/>\n<meta name=\"twitter:card\" content=\"summary_large_image\" \/>\n<meta name=\"twitter:label1\" content=\"Tiempo de lectura\" \/>\n\t<meta name=\"twitter:data1\" content=\"8 minutos\" \/>\n<script type=\"application\/ld+json\" class=\"yoast-schema-graph\">{\"@context\":\"https:\\\/\\\/schema.org\",\"@graph\":[{\"@type\":\"WebPage\",\"@id\":\"https:\\\/\\\/facartes.uniandes.edu.co\\\/cic\\\/acerca\\\/funciones-equipo\\\/\",\"url\":\"https:\\\/\\\/facartes.uniandes.edu.co\\\/cic\\\/acerca\\\/funciones-equipo\\\/\",\"name\":\"Funciones del equipo de trabajo - Centro de Investigaci\u00f3n y Creaci\u00f3n - Facultad de Artes y Humanidades - Universidad de los Andes\",\"isPartOf\":{\"@id\":\"https:\\\/\\\/facartes.uniandes.edu.co\\\/cic\\\/#website\"},\"datePublished\":\"2018-10-17T01:32:06+00:00\",\"dateModified\":\"2018-10-23T22:53:25+00:00\",\"breadcrumb\":{\"@id\":\"https:\\\/\\\/facartes.uniandes.edu.co\\\/cic\\\/acerca\\\/funciones-equipo\\\/#breadcrumb\"},\"inLanguage\":\"es\",\"potentialAction\":[{\"@type\":\"ReadAction\",\"target\":[\"https:\\\/\\\/facartes.uniandes.edu.co\\\/cic\\\/acerca\\\/funciones-equipo\\\/\"]}]},{\"@type\":\"BreadcrumbList\",\"@id\":\"https:\\\/\\\/facartes.uniandes.edu.co\\\/cic\\\/acerca\\\/funciones-equipo\\\/#breadcrumb\",\"itemListElement\":[{\"@type\":\"ListItem\",\"position\":1,\"name\":\"Portada\",\"item\":\"https:\\\/\\\/facartes.uniandes.edu.co\\\/cic\\\/\"},{\"@type\":\"ListItem\",\"position\":2,\"name\":\"Centro de Investigaci\u00f3n y Creaci\u00f3n\",\"item\":\"https:\\\/\\\/facartes.uniandes.edu.co\\\/cic\\\/acerca\\\/\"},{\"@type\":\"ListItem\",\"position\":3,\"name\":\"Funciones del equipo de trabajo\"}]},{\"@type\":\"WebSite\",\"@id\":\"https:\\\/\\\/facartes.uniandes.edu.co\\\/cic\\\/#website\",\"url\":\"https:\\\/\\\/facartes.uniandes.edu.co\\\/cic\\\/\",\"name\":\"Centro de Investigaci\u00f3n y Creaci\u00f3n - Facultad de Artes y Humanidades - Universidad de los Andes\",\"description\":\"\",\"potentialAction\":[{\"@type\":\"SearchAction\",\"target\":{\"@type\":\"EntryPoint\",\"urlTemplate\":\"https:\\\/\\\/facartes.uniandes.edu.co\\\/cic\\\/?s={search_term_string}\"},\"query-input\":{\"@type\":\"PropertyValueSpecification\",\"valueRequired\":true,\"valueName\":\"search_term_string\"}}],\"inLanguage\":\"es\"}]}<\/script>\n<!-- \/ Yoast SEO plugin. -->","yoast_head_json":{"title":"Funciones del equipo de trabajo - Centro de Investigaci\u00f3n y Creaci\u00f3n - Facultad de Artes y Humanidades - Universidad de los Andes","robots":{"index":"noindex","follow":"follow","max-snippet":"max-snippet:-1","max-image-preview":"max-image-preview:large","max-video-preview":"max-video-preview:-1"},"og_locale":"es_ES","og_type":"article","og_title":"Funciones del equipo de trabajo - Centro de Investigaci\u00f3n y Creaci\u00f3n - Facultad de Artes y Humanidades - Universidad de los Andes","og_description":"Funciones del Director del CIC Dise\u00f1ar y ejecutar las estrategias para el desarrollo de la investigaci\u00f3n\/creaci\u00f3n de la Facultad de Artes y Humanidades. Liderar el dise\u00f1o de las estrategias para el desarrollo de la investigaci\u00f3n\/creaci\u00f3n de la Facultad de Artes y Humanidades con el apoyo del Comit\u00e9 CIC y el aval del Consejo de Faultad. [&hellip;]","og_url":"https:\/\/facartes.uniandes.edu.co\/cic\/acerca\/funciones-equipo\/","og_site_name":"Centro de Investigaci\u00f3n y Creaci\u00f3n - Facultad de Artes y Humanidades - Universidad de los Andes","article_modified_time":"2018-10-23T22:53:25+00:00","twitter_card":"summary_large_image","twitter_misc":{"Tiempo de lectura":"8 minutos"},"schema":{"@context":"https:\/\/schema.org","@graph":[{"@type":"WebPage","@id":"https:\/\/facartes.uniandes.edu.co\/cic\/acerca\/funciones-equipo\/","url":"https:\/\/facartes.uniandes.edu.co\/cic\/acerca\/funciones-equipo\/","name":"Funciones del equipo de trabajo - Centro de Investigaci\u00f3n y Creaci\u00f3n - Facultad de Artes y Humanidades - Universidad de los Andes","isPartOf":{"@id":"https:\/\/facartes.uniandes.edu.co\/cic\/#website"},"datePublished":"2018-10-17T01:32:06+00:00","dateModified":"2018-10-23T22:53:25+00:00","breadcrumb":{"@id":"https:\/\/facartes.uniandes.edu.co\/cic\/acerca\/funciones-equipo\/#breadcrumb"},"inLanguage":"es","potentialAction":[{"@type":"ReadAction","target":["https:\/\/facartes.uniandes.edu.co\/cic\/acerca\/funciones-equipo\/"]}]},{"@type":"BreadcrumbList","@id":"https:\/\/facartes.uniandes.edu.co\/cic\/acerca\/funciones-equipo\/#breadcrumb","itemListElement":[{"@type":"ListItem","position":1,"name":"Portada","item":"https:\/\/facartes.uniandes.edu.co\/cic\/"},{"@type":"ListItem","position":2,"name":"Centro de Investigaci\u00f3n y Creaci\u00f3n","item":"https:\/\/facartes.uniandes.edu.co\/cic\/acerca\/"},{"@type":"ListItem","position":3,"name":"Funciones del equipo de trabajo"}]},{"@type":"WebSite","@id":"https:\/\/facartes.uniandes.edu.co\/cic\/#website","url":"https:\/\/facartes.uniandes.edu.co\/cic\/","name":"Centro de Investigaci\u00f3n y Creaci\u00f3n - Facultad de Artes y Humanidades - Universidad de los Andes","description":"","potentialAction":[{"@type":"SearchAction","target":{"@type":"EntryPoint","urlTemplate":"https:\/\/facartes.uniandes.edu.co\/cic\/?s={search_term_string}"},"query-input":{"@type":"PropertyValueSpecification","valueRequired":true,"valueName":"search_term_string"}}],"inLanguage":"es"}]}},"_links":{"self":[{"href":"https:\/\/facartes.uniandes.edu.co\/cic\/wp-json\/wp\/v2\/pages\/5975","targetHints":{"allow":["GET"]}}],"collection":[{"href":"https:\/\/facartes.uniandes.edu.co\/cic\/wp-json\/wp\/v2\/pages"}],"about":[{"href":"https:\/\/facartes.uniandes.edu.co\/cic\/wp-json\/wp\/v2\/types\/page"}],"author":[{"embeddable":true,"href":"https:\/\/facartes.uniandes.edu.co\/cic\/wp-json\/wp\/v2\/users\/1"}],"replies":[{"embeddable":true,"href":"https:\/\/facartes.uniandes.edu.co\/cic\/wp-json\/wp\/v2\/comments?post=5975"}],"version-history":[{"count":3,"href":"https:\/\/facartes.uniandes.edu.co\/cic\/wp-json\/wp\/v2\/pages\/5975\/revisions"}],"predecessor-version":[{"id":6606,"href":"https:\/\/facartes.uniandes.edu.co\/cic\/wp-json\/wp\/v2\/pages\/5975\/revisions\/6606"}],"up":[{"embeddable":true,"href":"https:\/\/facartes.uniandes.edu.co\/cic\/wp-json\/wp\/v2\/pages\/5917"}],"wp:attachment":[{"href":"https:\/\/facartes.uniandes.edu.co\/cic\/wp-json\/wp\/v2\/media?parent=5975"}],"curies":[{"name":"wp","href":"https:\/\/api.w.org\/{rel}","templated":true}]}}