{"id":5942,"date":"2018-10-16T19:28:37","date_gmt":"2018-10-17T00:28:37","guid":{"rendered":"https:\/\/facartes.uniandes.edu.co\/cic\/?page_id=5942"},"modified":"2021-09-10T08:16:40","modified_gmt":"2021-09-10T13:16:40","slug":"grupos-investigacion","status":"publish","type":"page","link":"https:\/\/facartes.uniandes.edu.co\/cic\/acerca\/grupos-investigacion\/","title":{"rendered":"Grupos de investigaci\u00f3n y Creaci\u00f3n de la Facultad de Artes y Humanidades"},"content":{"rendered":"<h2>Convocatoria para el reconocimiento de grupos e investigadores &#8211; MinCiencias<\/h2>\n<p class=\"p1\">El Ministerio de Ciencia, Tecnolog\u00eda e Innovaci\u00f3n abre la <i>Convocatoria Nacional para el Reconocimiento y Medici\u00f3n de Grupos de Investigaci\u00f3n, Desarrollo Tecnol\u00f3gico o de Innovaci\u00f3n y para el Reconocimiento de Investigadores <\/i><span class=\"Apple-converted-space\">c<\/span>on el objetivo de fortalecer las capacidades regionales en materia de ciencia, desarrollo tecnol\u00f3gico e innovaci\u00f3n, as\u00ed como en el art\u00edculo 14 se determina que este Ministerio debe impartir lineamientos y coordinar el dise\u00f1o de modelos de medici\u00f3n de capacidades y resultados del SNCTI, que permitan analizar, evaluar y orientar la toma de decisiones en materia de generaci\u00f3n, valoraci\u00f3n, uso, gesti\u00f3n y apropiaci\u00f3n de conocimiento, desarrollo tecnol\u00f3gico e innovaci\u00f3n.<\/p>\n<p>Consulte la p\u00e1gina de la convocatoria siguiendo este <strong><span style=\"color: #e5a800\"><a style=\"color: #e5a800\" href=\"https:\/\/minciencias.gov.co\/convocatorias\/fortalecimiento-capacidades-para-la-generacion-conocimiento\/convocatoria-nacional-para\" target=\"_blank\" rel=\"noopener\">enlace<\/a><\/span><\/strong>.<\/p>\n<ul>\n<li><strong><span style=\"color: #e5a800\"><a style=\"color: #e5a800\" href=\"https:\/\/facartes.uniandes.edu.co\/cic\/files\/2021\/05\/terminos_de_referencia_-_version_consulta_7.pdf\" target=\"_blank\" rel=\"noopener\">T\u00e9rminos de referencia<\/a><\/span><\/strong> de la convocatoria 2021.<\/li>\n<li><span style=\"color: #e5a800\"><a style=\"color: #e5a800\" href=\"https:\/\/facartes.uniandes.edu.co\/cic\/files\/2021\/05\/anexo_1_-_documento_conceptual_2021-smol-1.pdf\" target=\"_blank\" rel=\"noopener\"><strong>Anexo 1<\/strong><\/a><\/span>, convocatoria 2021. Documento de gu\u00edas y puntajes.<\/li>\n<li><span style=\"color: #e5a800\"><a style=\"color: #e5a800\" href=\"https:\/\/facartes.uniandes.edu.co\/cic\/files\/2021\/05\/anexo_3_-_la_investigacion_creacion_-_definiciones_y_reflexiones.pdf\" target=\"_blank\" rel=\"noopener\"><strong>Anexo 3<\/strong><\/a><\/span>, convocatoria 2021. La investigaci\u00f3n y creaci\u00f3n: definiciones y reflexiones.<\/li>\n<li><span style=\"color: #e5a800\"><a style=\"color: #e5a800\" href=\"https:\/\/facartes.uniandes.edu.co\/cic\/files\/2021\/06\/adenda_no._1_convocatoria_894-2021.pdf\"><strong>Adenda<\/strong><\/a><\/span> a la convocatoria.<\/li>\n<\/ul>\n<p>Los profesores de la Facultad de Artes y Humanidades que deseen presentar sus grupos de investigaci\u00f3n o presentarse como investigadores independientes, deben actualizar sus p\u00e1ginas de <span style=\"color: #e5a800\"><strong><a style=\"color: #e5a800\" href=\"https:\/\/scienti.minciencias.gov.co\/cvlac\/Login\/pre_s_login.do\" target=\"_blank\" rel=\"noopener\">CvLac<\/a><\/strong><\/span> y <span style=\"color: #e5a800\"><strong><a style=\"color: #e5a800\" href=\"https:\/\/scienti.minciencias.gov.co\/gruplac\/jsp\/index.jsp\" target=\"_blank\" rel=\"noopener\">GrupLac<\/a><\/strong><\/span> antes del<strong> 15 de octubre de 2021 <\/strong>(fecha actualizada en la adenda). El CIC apoyar\u00e1 a los grupos que as\u00ed lo deseen, siguiendo la estrategia listada abajo.<\/p>\n<p>Para inscribirse a las cl\u00ednicas de asistencia CvLac, siga este <span style=\"color: #e5a800\"><strong><a style=\"color: #e5a800\" href=\"https:\/\/form.jotform.com\/211226489121652\" target=\"_blank\" rel=\"noopener\"><span style=\"color: #e5a800\">en<\/span>lace<\/a><\/strong>.<\/span><\/p>\n<h3>Certificaciones institucionales para productos.<\/h3>\n<p>Para solicitar las certificaciones de sus productos, por favor rellene el formulario correspondiente para cada uno:<\/p>\n<ul>\n<li>Certificaciones de <span style=\"color: #e5a800\"><strong><a style=\"color: #e5a800\" href=\"https:\/\/form.jotform.com\/211676279978678\" target=\"_blank\" rel=\"noopener\">productos de creaci\u00f3n<\/a><\/strong><\/span> (obra art\u00edstica).<\/li>\n<li>Certificaciones de <span style=\"color: #e5a800\"><strong><a style=\"color: #e5a800\" href=\"https:\/\/form.jotform.com\/211676288107662\" target=\"_blank\" rel=\"noopener\">libros y cap\u00edtulos<\/a><\/strong><\/span> (investigaci\u00f3n y creaci\u00f3n).<\/li>\n<\/ul>\n<p>&nbsp;<\/p>\n<p><a href=\"https:\/\/facartes.uniandes.edu.co\/cic\/files\/2021\/06\/Estrategia-CIC-julio.png\"><img loading=\"lazy\" decoding=\"async\" class=\"alignnone size-large wp-image-10090\" src=\"https:\/\/facartes.uniandes.edu.co\/cic\/files\/2021\/06\/Estrategia-CIC-julio-663x1024.png\" alt=\"\" width=\"663\" height=\"1024\" srcset=\"https:\/\/facartes.uniandes.edu.co\/cic\/files\/2021\/06\/Estrategia-CIC-julio-663x1024.png 663w, https:\/\/facartes.uniandes.edu.co\/cic\/files\/2021\/06\/Estrategia-CIC-julio-194x300.png 194w, https:\/\/facartes.uniandes.edu.co\/cic\/files\/2021\/06\/Estrategia-CIC-julio-768x1187.png 768w, https:\/\/facartes.uniandes.edu.co\/cic\/files\/2021\/06\/Estrategia-CIC-julio-994x1536.png 994w, https:\/\/facartes.uniandes.edu.co\/cic\/files\/2021\/06\/Estrategia-CIC-julio-1325x2048.png 1325w, https:\/\/facartes.uniandes.edu.co\/cic\/files\/2021\/06\/Estrategia-CIC-julio-255x394.png 255w\" sizes=\"auto, (max-width: 663px) 100vw, 663px\" \/><\/a><\/p>\n<hr \/>\n<h2>Grupos de investigaci\u00f3n y creaci\u00f3n de la Facultad de Artes y Humanidades<\/h2>\n<p>Seg\u00fan sus intereses acad\u00e9micos y\/o creativos, los profesores de la Facultad pueden formar grupos de investigaci\u00f3n en los que se promueva el trabajo en conjunto y, en lo posible, interdisciplinario. Los grupos de investigaci\u00f3n y\/o creaci\u00f3n son unidades fundamentales no s\u00f3lo para el fomento del di\u00e1logo entre las diferentes actividades acad\u00e9micas y\/o creativas de los profesores, sino tambi\u00e9n para el registro de los productos que se consigan en conjunto o siguiendo l\u00edneas de inter\u00e9s similares. Estos grupos est\u00e1n en libertad de presentarse a la <em>Convocatoria Nacional para el Reconocimiento de Grupos de Investigaci\u00f3n y de Investigadores del Sistema Nacional de Ciencia, Tecnolog\u00eda e Innovaci\u00f3n <\/em>que lanza el Ministerio de Ciencia, Tecnolog\u00eda e Innovaci\u00f3n.<\/p>\n<p>Los grupos de la Facultad de Artes y Humanidades que cuentan actualmente con clasificaci\u00f3n ante MinCiencias (convocatoria 833 de 2018) se listan a continuaci\u00f3n. Puede consultar el documento de resultados de clasificaci\u00f3n de 2018 <span style=\"color: #e5a800\"><a style=\"color: #e5a800\" href=\"https:\/\/facartes.uniandes.edu.co\/cic\/files\/2021\/05\/listado_resultados_finales_-_833_de_2018_-_grupos_-_consulta.pdf\" target=\"_blank\" rel=\"noopener\"><strong>aqu\u00ed<\/strong><\/a><\/span>.<\/p>\n<ul>\n<li><strong><em>Peiras: grupo de estudios en filosof\u00eda antigua y medieval<\/em><\/strong> (Departamento de Humanidades y Literatura). L\u00edder: Alfonso Correa Mota (Universidad Nacional), representante en la Universidad de los Andes: Andrea Lozano-Vasquez, vigente desde julio del 2000. Clasificado por Colciencias en la convocatoria #833 de 2018 <strong>(A1)<\/strong>.<\/li>\n<li><strong><em>Discurso y ficci\u00f3n. Colombia y Am\u00e9rica Latina en el siglo XIX<\/em><\/strong> (Departamento de Humanidades y Literatura) L\u00edder: Carolina Alzate, vigente desde enero de 2003. Clasificado por Colciencias en la convocatoria #833 de 2018 <strong>(A)<\/strong>.<\/li>\n<li><strong><em>Estudios comparados en artes<\/em><\/strong> (Departamento de Humanidades y Literatura). L\u00edder: Maria C\u00e2ndida Ferreira, vigente desde enero de 2009. Clasificado por Colciencias en la convocatoria #833 de 2018 <strong>(B)<\/strong>.<\/li>\n<li><strong><em>Archivo y edici\u00f3n<\/em><\/strong> (Departamento de Humanidades y Literatura). L\u00edder: Jer\u00f3nimo Pizarro, vigente desde enero de 2009. Clasificado por Colciencias en la convocatoria #833 de 2018 <strong>(C)<\/strong>.<\/li>\n<li><strong><em>Estudios interdisciplinarios sobre Renacimiento y Barroco<\/em><\/strong> (Grupo interdisciplinario con miembros del Departamento de M\u00fasica, Departamento de Humanidades y Literatura, Programa de Historia del Arte, y Departamento de Historia de la Facultad de Ciencias Sociales). L\u00edder: Marcela Garc\u00eda, vigente desde enero de 2009. Clasificado por Colciencias en la convocatoria #833 de 2018 <strong>(C)<\/strong>.<\/li>\n<li><strong><em>Grupo de investigaci\u00f3n en arte contempor\u00e1neo<\/em><\/strong> (Departamento de Arte). L\u00edder: Edgar Guzm\u00e1n, vigente desde enero de 1998. Clasificado por Colciencias en la convocatoria #833 de 2018 <strong>(C)<\/strong>.<\/li>\n<li><strong><em>Intercambio y migraciones en el arte de Am\u00e9rica Latina y el Caribe<\/em><\/strong> (Programa de Historia del Arte). L\u00edder: Mar\u00eda Clara Bernal, vigente desde abril de 2008. Clasificado por Colciencias en la convocatoria # <strong>(C)<\/strong>.<\/li>\n<li><strong><em>Po\u00e9ticas: dramaturgos, poetas y fil\u00f3sofos reflexionan sobre las artes<\/em><\/strong> (Departamento de Humanidades y Literatura). L\u00edder: Mario Barrero, vigente desde mayo de 1995. Clasificado por Colciencias en la convocatoria #833 de 2018 <strong>(C)<\/strong>.<\/li>\n<li><strong><em>M\u00fasica-Arte sonoro en los siglos XX y XXI<\/em><\/strong> (Departamento de M\u00fasica). L\u00edder: Catalina Peralta, vigente desde agosto del 2005. Clasificado por Colciencias en la convocatoria #833 de 2018 <strong>(C)<\/strong><\/li>\n<li><strong><em>Teor\u00eda literaria y Literatura comparada<\/em><\/strong> (Departamento de Humanidades y Literatura). L\u00edder: Mar\u00eda Mercedes Andrade, vigente desde enero del 2009. Reconocido (sin clasificar) por Colciencias en la convocatoria #833 de 2018.<\/li>\n<li><strong><em>Artes audiovisuales, electr\u00f3nicas y del tiempo<\/em><\/strong> (Departamento de Arte). L\u00edder: Carmen Gil Vrolijk, vigente desde mayo del 2010. Reconocido (sin clasificar) por Colciencias en la convocatoria #833 de 2018.<\/li>\n<\/ul>\n<p>Como pol\u00edtica de la Vicerrector\u00eda de Investigaci\u00f3n y Creaci\u00f3n, no hay obligatoriedad en que nuestros profesores de facultad se presenten a la convocatorias de grupos de MinCiencias. Los grupos a continuaci\u00f3n, si bien se encuentran enmarcados en la Facultad y cuentan con investigadores y creadores activos, actualmente no presentan clasificaci\u00f3n en el Ministerio, dado que no se presentaron a la convocatoria 833 de 2018.<\/p>\n<ul>\n<li><strong><em>Esfera p\u00fablica, cr\u00edtica y curadur\u00eda<\/em><\/strong> (Departamento de Arte). L\u00edder: Jaime Iregui.<\/li>\n<li><strong><em>Historia y narrativas del periodismo<\/em><\/strong> (CEPER). L\u00edder: Omar Rinc\u00f3n, vigente desde enero de 2009.<\/li>\n<li><strong><em>M\u00fasica: musicolog\u00eda, patrimonio y educaci\u00f3n<\/em><\/strong> (Departamento de M\u00fasica). L\u00edder: Martha Enna Rodr\u00edguez.<\/li>\n<\/ul>\n","protected":false},"excerpt":{"rendered":"<p>Convocatoria para el reconocimiento de grupos e investigadores &#8211; MinCiencias El Ministerio de Ciencia, Tecnolog\u00eda e Innovaci\u00f3n abre la Convocatoria Nacional para el Reconocimiento y Medici\u00f3n de Grupos de Investigaci\u00f3n, Desarrollo Tecnol\u00f3gico o de Innovaci\u00f3n y para el Reconocimiento de Investigadores con el objetivo de fortalecer las capacidades regionales en materia de ciencia, desarrollo tecnol\u00f3gico [&hellip;]<\/p>\n","protected":false},"author":1,"featured_media":0,"parent":5917,"menu_order":0,"comment_status":"closed","ping_status":"closed","template":"","meta":{"footnotes":""},"class_list":["post-5942","page","type-page","status-publish","hentry"],"yoast_head":"<!-- This site is optimized with the Yoast SEO plugin v27.3 - https:\/\/yoast.com\/product\/yoast-seo-wordpress\/ -->\n<title>Grupos de investigaci\u00f3n y Creaci\u00f3n de la Facultad de Artes y Humanidades - Centro de Investigaci\u00f3n y Creaci\u00f3n - Facultad de Artes y Humanidades - Universidad de los Andes<\/title>\n<meta name=\"robots\" content=\"noindex, follow, max-snippet:-1, max-image-preview:large, max-video-preview:-1\" \/>\n<meta property=\"og:locale\" content=\"es_ES\" \/>\n<meta property=\"og:type\" content=\"article\" \/>\n<meta property=\"og:title\" content=\"Grupos de investigaci\u00f3n y Creaci\u00f3n de la Facultad de Artes y Humanidades - Centro de Investigaci\u00f3n y Creaci\u00f3n - Facultad de Artes y Humanidades - Universidad de los Andes\" \/>\n<meta property=\"og:description\" content=\"Convocatoria para el reconocimiento de grupos e investigadores &#8211; MinCiencias El Ministerio de Ciencia, Tecnolog\u00eda e Innovaci\u00f3n abre la Convocatoria Nacional para el Reconocimiento y Medici\u00f3n de Grupos de Investigaci\u00f3n, Desarrollo Tecnol\u00f3gico o de Innovaci\u00f3n y para el Reconocimiento de Investigadores con el objetivo de fortalecer las capacidades regionales en materia de ciencia, desarrollo tecnol\u00f3gico [&hellip;]\" \/>\n<meta property=\"og:url\" content=\"https:\/\/facartes.uniandes.edu.co\/cic\/acerca\/grupos-investigacion\/\" \/>\n<meta property=\"og:site_name\" content=\"Centro de Investigaci\u00f3n y Creaci\u00f3n - Facultad de Artes y Humanidades - Universidad de los Andes\" \/>\n<meta property=\"article:modified_time\" content=\"2021-09-10T13:16:40+00:00\" \/>\n<meta property=\"og:image\" content=\"https:\/\/facartes.uniandes.edu.co\/cic\/files\/2021\/06\/Estrategia-CIC-julio-663x1024.png\" \/>\n<meta name=\"twitter:card\" content=\"summary_large_image\" \/>\n<meta name=\"twitter:label1\" content=\"Tiempo de lectura\" \/>\n\t<meta name=\"twitter:data1\" content=\"5 minutos\" \/>\n<script type=\"application\/ld+json\" class=\"yoast-schema-graph\">{\"@context\":\"https:\\\/\\\/schema.org\",\"@graph\":[{\"@type\":\"WebPage\",\"@id\":\"https:\\\/\\\/facartes.uniandes.edu.co\\\/cic\\\/acerca\\\/grupos-investigacion\\\/\",\"url\":\"https:\\\/\\\/facartes.uniandes.edu.co\\\/cic\\\/acerca\\\/grupos-investigacion\\\/\",\"name\":\"Grupos de investigaci\u00f3n y Creaci\u00f3n de la Facultad de Artes y Humanidades - Centro de Investigaci\u00f3n y Creaci\u00f3n - Facultad de Artes y Humanidades - Universidad de los Andes\",\"isPartOf\":{\"@id\":\"https:\\\/\\\/facartes.uniandes.edu.co\\\/cic\\\/#website\"},\"primaryImageOfPage\":{\"@id\":\"https:\\\/\\\/facartes.uniandes.edu.co\\\/cic\\\/acerca\\\/grupos-investigacion\\\/#primaryimage\"},\"image\":{\"@id\":\"https:\\\/\\\/facartes.uniandes.edu.co\\\/cic\\\/acerca\\\/grupos-investigacion\\\/#primaryimage\"},\"thumbnailUrl\":\"https:\\\/\\\/facartes.uniandes.edu.co\\\/cic\\\/files\\\/2021\\\/06\\\/Estrategia-CIC-julio-663x1024.png\",\"datePublished\":\"2018-10-17T00:28:37+00:00\",\"dateModified\":\"2021-09-10T13:16:40+00:00\",\"breadcrumb\":{\"@id\":\"https:\\\/\\\/facartes.uniandes.edu.co\\\/cic\\\/acerca\\\/grupos-investigacion\\\/#breadcrumb\"},\"inLanguage\":\"es\",\"potentialAction\":[{\"@type\":\"ReadAction\",\"target\":[\"https:\\\/\\\/facartes.uniandes.edu.co\\\/cic\\\/acerca\\\/grupos-investigacion\\\/\"]}]},{\"@type\":\"ImageObject\",\"inLanguage\":\"es\",\"@id\":\"https:\\\/\\\/facartes.uniandes.edu.co\\\/cic\\\/acerca\\\/grupos-investigacion\\\/#primaryimage\",\"url\":\"https:\\\/\\\/facartes.uniandes.edu.co\\\/cic\\\/files\\\/2021\\\/06\\\/Estrategia-CIC-julio.png\",\"contentUrl\":\"https:\\\/\\\/facartes.uniandes.edu.co\\\/cic\\\/files\\\/2021\\\/06\\\/Estrategia-CIC-julio.png\",\"width\":3300,\"height\":5100},{\"@type\":\"BreadcrumbList\",\"@id\":\"https:\\\/\\\/facartes.uniandes.edu.co\\\/cic\\\/acerca\\\/grupos-investigacion\\\/#breadcrumb\",\"itemListElement\":[{\"@type\":\"ListItem\",\"position\":1,\"name\":\"Portada\",\"item\":\"https:\\\/\\\/facartes.uniandes.edu.co\\\/cic\\\/\"},{\"@type\":\"ListItem\",\"position\":2,\"name\":\"Centro de Investigaci\u00f3n y Creaci\u00f3n\",\"item\":\"https:\\\/\\\/facartes.uniandes.edu.co\\\/cic\\\/acerca\\\/\"},{\"@type\":\"ListItem\",\"position\":3,\"name\":\"Grupos de investigaci\u00f3n y Creaci\u00f3n de la Facultad de Artes y Humanidades\"}]},{\"@type\":\"WebSite\",\"@id\":\"https:\\\/\\\/facartes.uniandes.edu.co\\\/cic\\\/#website\",\"url\":\"https:\\\/\\\/facartes.uniandes.edu.co\\\/cic\\\/\",\"name\":\"Centro de Investigaci\u00f3n y Creaci\u00f3n - Facultad de Artes y Humanidades - Universidad de los Andes\",\"description\":\"\",\"potentialAction\":[{\"@type\":\"SearchAction\",\"target\":{\"@type\":\"EntryPoint\",\"urlTemplate\":\"https:\\\/\\\/facartes.uniandes.edu.co\\\/cic\\\/?s={search_term_string}\"},\"query-input\":{\"@type\":\"PropertyValueSpecification\",\"valueRequired\":true,\"valueName\":\"search_term_string\"}}],\"inLanguage\":\"es\"}]}<\/script>\n<!-- \/ Yoast SEO plugin. -->","yoast_head_json":{"title":"Grupos de investigaci\u00f3n y Creaci\u00f3n de la Facultad de Artes y Humanidades - Centro de Investigaci\u00f3n y Creaci\u00f3n - Facultad de Artes y Humanidades - Universidad de los Andes","robots":{"index":"noindex","follow":"follow","max-snippet":"max-snippet:-1","max-image-preview":"max-image-preview:large","max-video-preview":"max-video-preview:-1"},"og_locale":"es_ES","og_type":"article","og_title":"Grupos de investigaci\u00f3n y Creaci\u00f3n de la Facultad de Artes y Humanidades - Centro de Investigaci\u00f3n y Creaci\u00f3n - Facultad de Artes y Humanidades - Universidad de los Andes","og_description":"Convocatoria para el reconocimiento de grupos e investigadores &#8211; MinCiencias El Ministerio de Ciencia, Tecnolog\u00eda e Innovaci\u00f3n abre la Convocatoria Nacional para el Reconocimiento y Medici\u00f3n de Grupos de Investigaci\u00f3n, Desarrollo Tecnol\u00f3gico o de Innovaci\u00f3n y para el Reconocimiento de Investigadores con el objetivo de fortalecer las capacidades regionales en materia de ciencia, desarrollo tecnol\u00f3gico [&hellip;]","og_url":"https:\/\/facartes.uniandes.edu.co\/cic\/acerca\/grupos-investigacion\/","og_site_name":"Centro de Investigaci\u00f3n y Creaci\u00f3n - Facultad de Artes y Humanidades - Universidad de los Andes","article_modified_time":"2021-09-10T13:16:40+00:00","og_image":[{"url":"https:\/\/facartes.uniandes.edu.co\/cic\/files\/2021\/06\/Estrategia-CIC-julio-663x1024.png","type":"","width":"","height":""}],"twitter_card":"summary_large_image","twitter_misc":{"Tiempo de lectura":"5 minutos"},"schema":{"@context":"https:\/\/schema.org","@graph":[{"@type":"WebPage","@id":"https:\/\/facartes.uniandes.edu.co\/cic\/acerca\/grupos-investigacion\/","url":"https:\/\/facartes.uniandes.edu.co\/cic\/acerca\/grupos-investigacion\/","name":"Grupos de investigaci\u00f3n y Creaci\u00f3n de la Facultad de Artes y Humanidades - Centro de Investigaci\u00f3n y Creaci\u00f3n - Facultad de Artes y Humanidades - Universidad de los Andes","isPartOf":{"@id":"https:\/\/facartes.uniandes.edu.co\/cic\/#website"},"primaryImageOfPage":{"@id":"https:\/\/facartes.uniandes.edu.co\/cic\/acerca\/grupos-investigacion\/#primaryimage"},"image":{"@id":"https:\/\/facartes.uniandes.edu.co\/cic\/acerca\/grupos-investigacion\/#primaryimage"},"thumbnailUrl":"https:\/\/facartes.uniandes.edu.co\/cic\/files\/2021\/06\/Estrategia-CIC-julio-663x1024.png","datePublished":"2018-10-17T00:28:37+00:00","dateModified":"2021-09-10T13:16:40+00:00","breadcrumb":{"@id":"https:\/\/facartes.uniandes.edu.co\/cic\/acerca\/grupos-investigacion\/#breadcrumb"},"inLanguage":"es","potentialAction":[{"@type":"ReadAction","target":["https:\/\/facartes.uniandes.edu.co\/cic\/acerca\/grupos-investigacion\/"]}]},{"@type":"ImageObject","inLanguage":"es","@id":"https:\/\/facartes.uniandes.edu.co\/cic\/acerca\/grupos-investigacion\/#primaryimage","url":"https:\/\/facartes.uniandes.edu.co\/cic\/files\/2021\/06\/Estrategia-CIC-julio.png","contentUrl":"https:\/\/facartes.uniandes.edu.co\/cic\/files\/2021\/06\/Estrategia-CIC-julio.png","width":3300,"height":5100},{"@type":"BreadcrumbList","@id":"https:\/\/facartes.uniandes.edu.co\/cic\/acerca\/grupos-investigacion\/#breadcrumb","itemListElement":[{"@type":"ListItem","position":1,"name":"Portada","item":"https:\/\/facartes.uniandes.edu.co\/cic\/"},{"@type":"ListItem","position":2,"name":"Centro de Investigaci\u00f3n y Creaci\u00f3n","item":"https:\/\/facartes.uniandes.edu.co\/cic\/acerca\/"},{"@type":"ListItem","position":3,"name":"Grupos de investigaci\u00f3n y Creaci\u00f3n de la Facultad de Artes y Humanidades"}]},{"@type":"WebSite","@id":"https:\/\/facartes.uniandes.edu.co\/cic\/#website","url":"https:\/\/facartes.uniandes.edu.co\/cic\/","name":"Centro de Investigaci\u00f3n y Creaci\u00f3n - Facultad de Artes y Humanidades - Universidad de los Andes","description":"","potentialAction":[{"@type":"SearchAction","target":{"@type":"EntryPoint","urlTemplate":"https:\/\/facartes.uniandes.edu.co\/cic\/?s={search_term_string}"},"query-input":{"@type":"PropertyValueSpecification","valueRequired":true,"valueName":"search_term_string"}}],"inLanguage":"es"}]}},"_links":{"self":[{"href":"https:\/\/facartes.uniandes.edu.co\/cic\/wp-json\/wp\/v2\/pages\/5942","targetHints":{"allow":["GET"]}}],"collection":[{"href":"https:\/\/facartes.uniandes.edu.co\/cic\/wp-json\/wp\/v2\/pages"}],"about":[{"href":"https:\/\/facartes.uniandes.edu.co\/cic\/wp-json\/wp\/v2\/types\/page"}],"author":[{"embeddable":true,"href":"https:\/\/facartes.uniandes.edu.co\/cic\/wp-json\/wp\/v2\/users\/1"}],"replies":[{"embeddable":true,"href":"https:\/\/facartes.uniandes.edu.co\/cic\/wp-json\/wp\/v2\/comments?post=5942"}],"version-history":[{"count":26,"href":"https:\/\/facartes.uniandes.edu.co\/cic\/wp-json\/wp\/v2\/pages\/5942\/revisions"}],"predecessor-version":[{"id":10472,"href":"https:\/\/facartes.uniandes.edu.co\/cic\/wp-json\/wp\/v2\/pages\/5942\/revisions\/10472"}],"up":[{"embeddable":true,"href":"https:\/\/facartes.uniandes.edu.co\/cic\/wp-json\/wp\/v2\/pages\/5917"}],"wp:attachment":[{"href":"https:\/\/facartes.uniandes.edu.co\/cic\/wp-json\/wp\/v2\/media?parent=5942"}],"curies":[{"name":"wp","href":"https:\/\/api.w.org\/{rel}","templated":true}]}}